{"id":814,"date":"2021-08-06T22:38:41","date_gmt":"2021-08-07T03:38:41","guid":{"rendered":"http:\/\/elreymarino.pe\/?page_id=814"},"modified":"2022-10-18T19:30:49","modified_gmt":"2022-10-19T00:30:49","slug":"aperitivos","status":"publish","type":"page","link":"https:\/\/elreymarino.com\/?page_id=814","title":{"rendered":"Aperitivos"},"content":{"rendered":"\t\t<div data-elementor-type=\"wp-page\" data-elementor-id=\"814\" class=\"elementor elementor-814\" data-elementor-settings=\"[]\">\n\t\t\t\t\t\t\t<div class=\"elementor-section-wrap\">\n\t\t\t\t\t\t\t<section class=\"elementor-section elementor-top-section elementor-element elementor-element-cbf1138 elementor-hidden-desktop elementor-section-boxed elementor-section-height-default elementor-section-height-default elementor-invisible\" data-id=\"cbf1138\" data-element_type=\"section\" data-settings=\"{&quot;background_background&quot;:&quot;slideshow&quot;,&quot;animation&quot;:&quot;fadeIn&quot;,&quot;background_slideshow_gallery&quot;:[{&quot;id&quot;:1320,&quot;url&quot;:&quot;https:\\\/\\\/elreymarino.com\\\/wp-content\\\/uploads\\\/2021\\\/08\\\/Atrapalo-Festival-del-Chilcano-3.jpg&quot;}],&quot;background_slideshow_loop&quot;:&quot;yes&quot;,&quot;background_slideshow_slide_duration&quot;:5000,&quot;background_slideshow_slide_transition&quot;:&quot;fade&quot;,&quot;background_slideshow_transition_duration&quot;:500}\">\n\t\t\t\t\t\t<div class=\"elementor-container elementor-column-gap-default\">\n\t\t\t\t\t<div class=\"elementor-column elementor-col-16 elementor-top-column elementor-element elementor-element-52de16b\" data-id=\"52de16b\" data-element_type=\"column\">\n\t\t\t<div class=\"elementor-widget-wrap elementor-element-populated\">\n\t\t\t\t\t\t\t\t<div class=\"elementor-element elementor-element-b856684 elementor-view-default elementor-widget elementor-widget-icon\" data-id=\"b856684\" data-element_type=\"widget\" data-widget_type=\"icon.default\">\n\t\t\t\t<div class=\"elementor-widget-container\">\n\t\t\t\t\t<div class=\"elementor-icon-wrapper\">\n\t\t\t<div class=\"elementor-icon\">\n\t\t\t<i aria-hidden=\"true\" class=\"icon icon-dinner\"><\/i>\t\t\t<\/div>\n\t\t<\/div>\n\t\t\t\t<\/div>\n\t\t\t\t<\/div>\n\t\t\t\t\t<\/div>\n\t\t<\/div>\n\t\t\t\t<div class=\"elementor-column elementor-col-66 elementor-top-column elementor-element elementor-element-7a6fb72\" data-id=\"7a6fb72\" data-element_type=\"column\">\n\t\t\t<div class=\"elementor-widget-wrap elementor-element-populated\">\n\t\t\t\t\t\t\t\t<div class=\"elementor-element elementor-element-0858cd9 elementor-widget elementor-widget-heading\" data-id=\"0858cd9\" data-element_type=\"widget\" data-widget_type=\"heading.default\">\n\t\t\t\t<div class=\"elementor-widget-container\">\n\t\t\t<h2 class=\"elementor-heading-title elementor-size-default\">Aperitivos<\/h2>\t\t<\/div>\n\t\t\t\t<\/div>\n\t\t\t\t\t<\/div>\n\t\t<\/div>\n\t\t\t\t<div class=\"elementor-column elementor-col-16 elementor-top-column elementor-element elementor-element-4f1a7e7\" data-id=\"4f1a7e7\" data-element_type=\"column\">\n\t\t\t<div class=\"elementor-widget-wrap elementor-element-populated\">\n\t\t\t\t\t\t\t\t<div class=\"elementor-element elementor-element-1d8406b elementor-view-default elementor-widget elementor-widget-icon\" data-id=\"1d8406b\" data-element_type=\"widget\" data-widget_type=\"icon.default\">\n\t\t\t\t<div class=\"elementor-widget-container\">\n\t\t\t\t\t<div class=\"elementor-icon-wrapper\">\n\t\t\t<div class=\"elementor-icon\">\n\t\t\t<i aria-hidden=\"true\" class=\"icon icon-dinner\"><\/i>\t\t\t<\/div>\n\t\t<\/div>\n\t\t\t\t<\/div>\n\t\t\t\t<\/div>\n\t\t\t\t\t<\/div>\n\t\t<\/div>\n\t\t\t\t\t\t\t<\/div>\n\t\t<\/section>\n\t\t\t\t<section class=\"elementor-section elementor-top-section elementor-element elementor-element-5f245c8 elementor-hidden-tablet elementor-hidden-phone elementor-section-boxed elementor-section-height-default elementor-section-height-default elementor-invisible\" data-id=\"5f245c8\" data-element_type=\"section\" data-settings=\"{&quot;background_background&quot;:&quot;gradient&quot;,&quot;animation&quot;:&quot;fadeIn&quot;}\">\n\t\t\t\t\t\t<div class=\"elementor-container elementor-column-gap-default\">\n\t\t\t\t\t<div class=\"elementor-column elementor-col-16 elementor-top-column elementor-element elementor-element-f6283ae\" data-id=\"f6283ae\" data-element_type=\"column\">\n\t\t\t<div class=\"elementor-widget-wrap elementor-element-populated\">\n\t\t\t\t\t\t\t\t<div class=\"elementor-element elementor-element-e34d189 elementor-view-default elementor-widget elementor-widget-icon\" data-id=\"e34d189\" data-element_type=\"widget\" data-widget_type=\"icon.default\">\n\t\t\t\t<div class=\"elementor-widget-container\">\n\t\t\t\t\t<div class=\"elementor-icon-wrapper\">\n\t\t\t<div class=\"elementor-icon\">\n\t\t\t<i aria-hidden=\"true\" class=\"icon icon-dinner\"><\/i>\t\t\t<\/div>\n\t\t<\/div>\n\t\t\t\t<\/div>\n\t\t\t\t<\/div>\n\t\t\t\t\t<\/div>\n\t\t<\/div>\n\t\t\t\t<div class=\"elementor-column elementor-col-66 elementor-top-column elementor-element elementor-element-5d9c969\" data-id=\"5d9c969\" data-element_type=\"column\">\n\t\t\t<div class=\"elementor-widget-wrap elementor-element-populated\">\n\t\t\t\t\t\t\t\t<div class=\"elementor-element elementor-element-205d893 elementor-widget elementor-widget-heading\" data-id=\"205d893\" data-element_type=\"widget\" data-widget_type=\"heading.default\">\n\t\t\t\t<div class=\"elementor-widget-container\">\n\t\t\t<h2 class=\"elementor-heading-title elementor-size-default\">Aperitivos<\/h2>\t\t<\/div>\n\t\t\t\t<\/div>\n\t\t\t\t\t<\/div>\n\t\t<\/div>\n\t\t\t\t<div class=\"elementor-column elementor-col-16 elementor-top-column elementor-element elementor-element-d4b5e75\" data-id=\"d4b5e75\" data-element_type=\"column\">\n\t\t\t<div class=\"elementor-widget-wrap elementor-element-populated\">\n\t\t\t\t\t\t\t\t<div class=\"elementor-element elementor-element-64d63d2 elementor-view-default elementor-widget elementor-widget-icon\" data-id=\"64d63d2\" data-element_type=\"widget\" data-widget_type=\"icon.default\">\n\t\t\t\t<div class=\"elementor-widget-container\">\n\t\t\t\t\t<div class=\"elementor-icon-wrapper\">\n\t\t\t<div class=\"elementor-icon\">\n\t\t\t<i aria-hidden=\"true\" class=\"icon icon-dinner\"><\/i>\t\t\t<\/div>\n\t\t<\/div>\n\t\t\t\t<\/div>\n\t\t\t\t<\/div>\n\t\t\t\t\t<\/div>\n\t\t<\/div>\n\t\t\t\t\t\t\t<\/div>\n\t\t<\/section>\n\t\t\t\t<section class=\"elementor-section elementor-top-section elementor-element elementor-element-de1288a elementor-section-boxed elementor-section-height-default elementor-section-height-default elementor-invisible\" data-id=\"de1288a\" data-element_type=\"section\" data-settings=\"{&quot;background_background&quot;:&quot;classic&quot;,&quot;animation&quot;:&quot;fadeIn&quot;,&quot;animation_mobile&quot;:&quot;fadeIn&quot;}\">\n\t\t\t\t\t\t<div class=\"elementor-container elementor-column-gap-default\">\n\t\t\t\t\t<div class=\"elementor-column elementor-col-66 elementor-top-column elementor-element elementor-element-4f5bb07\" data-id=\"4f5bb07\" data-element_type=\"column\">\n\t\t\t<div class=\"elementor-widget-wrap elementor-element-populated\">\n\t\t\t\t\t\t\t\t<div class=\"elementor-element elementor-element-860bb62 elementor-widget elementor-widget-eael-adv-tabs\" data-id=\"860bb62\" data-element_type=\"widget\" data-widget_type=\"eael-adv-tabs.default\">\n\t\t\t\t<div class=\"elementor-widget-container\">\n\t\t\t        <div id=\"eael-advance-tabs-860bb62\" class=\"eael-advance-tabs eael-tabs-horizontal\" data-tabid=\"860bb62\">\n            <div class=\"eael-tabs-nav\">\n                <ul class=\"eael-tab-inline-icon\">\n                                            <li class=\"inactive\">\n                                                                <i class=\"fas fa-utensils\"><\/i>                                                             <span class=\"eael-tab-title\"><\/span>\n                        <\/li>\n                                    <\/ul>\n            <\/div>\n            <div class=\"eael-tabs-content\">\n                \n                    <div class=\"clearfix inactive\">\n                                                    <p>Daikiri de Lim\u00f3n<\/p><p>Daikiri de Durazno<\/p><p>Chilcano de Pisco<\/p><p>Pisco Sour<\/p><p>Pisco Sour con Biondi<\/p><p>C\u00f3ctel de Algarrobina<\/p><p>Gin con Gin<\/p><p>Pi\u00f1a Colada<\/p><p>Vodka Tonic<\/p><p>Bloody Mary<\/p><p>Whisky Etiqueta Roja<\/p><p>Whisky Etiqueta Negra<\/p>                                            <\/div>\n                            <\/div>\n        <\/div>\n\t\t<\/div>\n\t\t\t\t<\/div>\n\t\t\t\t<div class=\"elementor-element elementor-element-b9fabee elementor-hidden-phone elementor-widget elementor-widget-audio\" data-id=\"b9fabee\" data-element_type=\"widget\" data-widget_type=\"audio.default\">\n\t\t\t\t<div class=\"elementor-widget-container\">\n\t\t\t\t\t\t<div class=\"elementor-soundcloud-wrapper\">\n\t\t\t\t<iframe loading=\"lazy\" title=\"MAGNUS - Like This [NCS Release] by NCS\" width=\"500\" height=\"200\" scrolling=\"no\" frameborder=\"no\" src=\"https:\/\/w.soundcloud.com\/player\/?visual=false&#038;url=https%3A%2F%2Fapi.soundcloud.com%2Ftracks%2F1075303348&#038;show_artwork=true&#038;maxheight=750&#038;maxwidth=500&#038;auto_play=false&#038;buying=true&#038;liking=true&#038;download=true&#038;sharing=true&#038;show_comments=true&#038;show_playcount=true&#038;show_user=true&#038;color\"><\/iframe>\t\t\t<\/div>\n\t\t\t\t\t<\/div>\n\t\t\t\t<\/div>\n\t\t\t\t\t<\/div>\n\t\t<\/div>\n\t\t\t\t<div class=\"elementor-column elementor-col-33 elementor-top-column elementor-element elementor-element-46955cf\" data-id=\"46955cf\" data-element_type=\"column\">\n\t\t\t<div class=\"elementor-widget-wrap elementor-element-populated\">\n\t\t\t\t\t\t\t\t<div class=\"elementor-element elementor-element-bc998c8 elementor-hidden-phone elementor-widget elementor-widget-eael-simple-menu\" data-id=\"bc998c8\" data-element_type=\"widget\" data-widget_type=\"eael-simple-menu.default\">\n\t\t\t\t<div class=\"elementor-widget-container\">\n\t\t\t<div data-indicator-class=\"fas fa-angle-down\" data-dropdown-indicator-class=\"fas fa-angle-down\" class=\"eael-simple-menu-container eael-simple-menu-align-left eael-simple-menu-dropdown-align-left preset-1\"><ul id=\"menu-menu-secundario\" class=\"eael-simple-menu eael-simple-menu-dropdown-animate-to-top eael-simple-menu-indicator eael-simple-menu-vertical\"><li id=\"menu-item-825\" class=\"menu-item menu-item-type-post_type menu-item-object-page menu-item-825\"><a href=\"https:\/\/elreymarino.com\/?page_id=781\" class=\"menu-link\"><img width=\"32\" height=\"32\" src=\"https:\/\/elreymarino.com\/wp-content\/uploads\/2021\/08\/entradas.png\" class=\"_mi _before _image\" alt=\"\" loading=\"lazy\" aria-hidden=\"true\" \/><span>Entradas<\/span><\/a><\/li>\n<li id=\"menu-item-823\" class=\"menu-item menu-item-type-post_type menu-item-object-page menu-item-823\"><a href=\"https:\/\/elreymarino.com\/?page_id=786\" class=\"menu-link\"><img width=\"32\" height=\"32\" src=\"https:\/\/elreymarino.com\/wp-content\/uploads\/2021\/08\/cevich.png\" class=\"_mi _before _image\" alt=\"\" loading=\"lazy\" aria-hidden=\"true\" \/><span>Ceviches<\/span><\/a><\/li>\n<li id=\"menu-item-830\" class=\"menu-item menu-item-type-post_type menu-item-object-page menu-item-830\"><a href=\"https:\/\/elreymarino.com\/?page_id=788\" class=\"menu-link\"><img width=\"32\" height=\"32\" src=\"https:\/\/elreymarino.com\/wp-content\/uploads\/2021\/08\/piqueesss.png\" class=\"_mi _before _image\" alt=\"\" loading=\"lazy\" aria-hidden=\"true\" \/><span>Piqueos<\/span><\/a><\/li>\n<li id=\"menu-item-819\" class=\"menu-item menu-item-type-post_type menu-item-object-page menu-item-819\"><a href=\"https:\/\/elreymarino.com\/?page_id=790\" class=\"menu-link\"><img width=\"32\" height=\"32\" src=\"https:\/\/elreymarino.com\/wp-content\/uploads\/2021\/08\/arrozzz.png\" class=\"_mi _before _image\" alt=\"\" loading=\"lazy\" aria-hidden=\"true\" \/><span>Arroces<\/span><\/a><\/li>\n<li id=\"menu-item-833\" class=\"menu-item menu-item-type-post_type menu-item-object-page menu-item-833\"><a href=\"https:\/\/elreymarino.com\/?page_id=792\" class=\"menu-link\"><img width=\"32\" height=\"32\" src=\"https:\/\/elreymarino.com\/wp-content\/uploads\/2021\/08\/sopa-seca.png\" class=\"_mi _before _image\" alt=\"\" loading=\"lazy\" aria-hidden=\"true\" \/><span>Sopas<\/span><\/a><\/li>\n<li id=\"menu-item-826\" class=\"menu-item menu-item-type-post_type menu-item-object-page menu-item-826\"><a href=\"https:\/\/elreymarino.com\/?page_id=794\" class=\"menu-link\"><img width=\"32\" height=\"32\" src=\"https:\/\/elreymarino.com\/wp-content\/uploads\/2021\/08\/filetes-pesaco.png\" class=\"_mi _before _image\" alt=\"\" loading=\"lazy\" aria-hidden=\"true\" \/><span>Filetes de Pescado<\/span><\/a><\/li>\n<li id=\"menu-item-824\" class=\"menu-item menu-item-type-post_type menu-item-object-page menu-item-824\"><a href=\"https:\/\/elreymarino.com\/?page_id=796\" class=\"menu-link\"><img width=\"32\" height=\"32\" src=\"https:\/\/elreymarino.com\/wp-content\/uploads\/2021\/08\/chitas-y-eso.png\" class=\"_mi _before _image\" alt=\"\" loading=\"lazy\" aria-hidden=\"true\" \/><span>Chitas y Cabrillas Enteras<\/span><\/a><\/li>\n<li id=\"menu-item-828\" class=\"menu-item menu-item-type-post_type menu-item-object-page menu-item-828\"><a href=\"https:\/\/elreymarino.com\/?page_id=798\" class=\"menu-link\"><img width=\"32\" height=\"32\" src=\"https:\/\/elreymarino.com\/wp-content\/uploads\/2021\/08\/pastaaaaaaaaa.png\" class=\"_mi _before _image\" alt=\"\" loading=\"lazy\" aria-hidden=\"true\" \/><span>Pastas<\/span><\/a><\/li>\n<li id=\"menu-item-829\" class=\"menu-item menu-item-type-post_type menu-item-object-page menu-item-829\"><a href=\"https:\/\/elreymarino.com\/?page_id=800\" class=\"menu-link\"><img width=\"32\" height=\"32\" src=\"https:\/\/elreymarino.com\/wp-content\/uploads\/2021\/08\/picants.png\" class=\"_mi _before _image\" alt=\"\" loading=\"lazy\" aria-hidden=\"true\" \/><span>Picantes<\/span><\/a><\/li>\n<li id=\"menu-item-821\" class=\"menu-item menu-item-type-post_type menu-item-object-page menu-item-821\"><a href=\"https:\/\/elreymarino.com\/?page_id=802\" class=\"menu-link\"><img width=\"32\" height=\"32\" src=\"https:\/\/elreymarino.com\/wp-content\/uploads\/2021\/08\/carnesssssss.png\" class=\"_mi _before _image\" alt=\"\" loading=\"lazy\" aria-hidden=\"true\" \/><span>Carnes<\/span><\/a><\/li>\n<li id=\"menu-item-827\" class=\"menu-item menu-item-type-post_type menu-item-object-page menu-item-827\"><a href=\"https:\/\/elreymarino.com\/?page_id=804\" class=\"menu-link\"><img width=\"32\" height=\"32\" src=\"https:\/\/elreymarino.com\/wp-content\/uploads\/2021\/08\/parrilas-files.png\" class=\"_mi _before _image\" alt=\"\" loading=\"lazy\" aria-hidden=\"true\" \/><span>Parrillas y Filetes<\/span><\/a><\/li>\n<li id=\"menu-item-831\" class=\"menu-item menu-item-type-post_type menu-item-object-page menu-item-831\"><a href=\"https:\/\/elreymarino.com\/?page_id=806\" class=\"menu-link\"><img width=\"32\" height=\"32\" src=\"https:\/\/elreymarino.com\/wp-content\/uploads\/2021\/08\/nuevo-plato-especial.png\" class=\"_mi _before _image\" alt=\"\" loading=\"lazy\" aria-hidden=\"true\" \/><span>Platos Especiales y Guarniciones<\/span><\/a><\/li>\n<li id=\"menu-item-832\" class=\"menu-item menu-item-type-post_type menu-item-object-page menu-item-832\"><a href=\"https:\/\/elreymarino.com\/?page_id=808\" class=\"menu-link\"><img width=\"32\" height=\"32\" src=\"https:\/\/elreymarino.com\/wp-content\/uploads\/2021\/08\/postesa.png\" class=\"_mi _before _image\" alt=\"\" loading=\"lazy\" aria-hidden=\"true\" \/><span>Postres<\/span><\/a><\/li>\n<li id=\"menu-item-822\" class=\"menu-item menu-item-type-post_type menu-item-object-page menu-item-822\"><a href=\"https:\/\/elreymarino.com\/?page_id=810\" class=\"menu-link\"><img width=\"32\" height=\"32\" src=\"https:\/\/elreymarino.com\/wp-content\/uploads\/2021\/08\/cervzs.png\" class=\"_mi _before _image\" alt=\"\" loading=\"lazy\" aria-hidden=\"true\" \/><span>Cervezas<\/span><\/a><\/li>\n<li id=\"menu-item-820\" class=\"menu-item menu-item-type-post_type menu-item-object-page menu-item-820\"><a href=\"https:\/\/elreymarino.com\/?page_id=812\" class=\"menu-link\"><img width=\"32\" height=\"32\" src=\"https:\/\/elreymarino.com\/wp-content\/uploads\/2021\/08\/bebidas2.png\" class=\"_mi _before _image\" alt=\"\" loading=\"lazy\" aria-hidden=\"true\" \/><span>Bebidas<\/span><\/a><\/li>\n<li id=\"menu-item-818\" class=\"menu-item menu-item-type-post_type menu-item-object-page menu-item-818\"><a href=\"https:\/\/elreymarino.com\/?page_id=814\" class=\"menu-link\"><img width=\"32\" height=\"32\" src=\"https:\/\/elreymarino.com\/wp-content\/uploads\/2021\/08\/apertiv.png\" class=\"_mi _before _image\" alt=\"\" loading=\"lazy\" aria-hidden=\"true\" \/><span>Aperitivos<\/span><\/a><\/li>\n<li id=\"menu-item-834\" class=\"menu-item menu-item-type-post_type menu-item-object-page menu-item-834\"><a href=\"https:\/\/elreymarino.com\/?page_id=816\" class=\"menu-link\"><img width=\"32\" height=\"32\" src=\"https:\/\/elreymarino.com\/wp-content\/uploads\/2021\/08\/vino-bajate.png\" class=\"_mi _before _image\" alt=\"\" loading=\"lazy\" aria-hidden=\"true\" \/><span>Vinos y Bajativos<\/span><\/a><\/li>\n<\/ul><\/div>\t\t<\/div>\n\t\t\t\t<\/div>\n\t\t\t\t\t<\/div>\n\t\t<\/div>\n\t\t\t\t\t\t\t<\/div>\n\t\t<\/section>\n\t\t\t\t<section class=\"elementor-section elementor-top-section elementor-element elementor-element-7a2cd10 elementor-section-full_width elementor-section-height-default elementor-section-height-default elementor-invisible\" data-id=\"7a2cd10\" data-element_type=\"section\" data-settings=\"{&quot;background_background&quot;:&quot;classic&quot;,&quot;animation&quot;:&quot;fadeIn&quot;,&quot;animation_mobile&quot;:&quot;fadeIn&quot;}\">\n\t\t\t\t\t\t<div class=\"elementor-container elementor-column-gap-default\">\n\t\t\t\t\t<div class=\"elementor-column elementor-col-100 elementor-top-column elementor-element elementor-element-777bb96\" data-id=\"777bb96\" data-element_type=\"column\">\n\t\t\t<div class=\"elementor-widget-wrap elementor-element-populated\">\n\t\t\t\t\t\t\t\t<div class=\"elementor-element elementor-element-0dfaff8 elementor-widget elementor-widget-eael-image-accordion\" data-id=\"0dfaff8\" data-element_type=\"widget\" data-widget_type=\"eael-image-accordion.default\">\n\t\t\t\t<div class=\"elementor-widget-container\">\n\t\t\t    <div class=\"eael-img-accordion accordion-direction-horizontal eael-img-accordion-horizontal-align-center eael-img-accordion-vertical-align-center\" id=\"eael-img-accordion-0dfaff8\" data-img-accordion-id=\"0dfaff8\" data-img-accordion-type=\"on-hover\">\n                    \n            <a href=\"#\/\" class=\"eael-image-accordion-hover\" style=\"background-image: url(https:\/\/elreymarino.com\/wp-content\/uploads\/2021\/08\/daiquiri.jpg);\"  tabindex=\"0\">\n            <div class=\"overlay\">\n                <div class=\"overlay-inner\">\n                    <div class=\"overlay-inner \">\n                        <h2 class=\"img-accordion-title\">Daikiri de Durazno<\/h2>                        <p><\/p>\n                    <\/div>\n                <\/div>\n            <\/div>\n            <\/a>\n                    \n            <a href=\"#\/\" class=\"eael-image-accordion-hover\" style=\"background-image: url(https:\/\/elreymarino.com\/wp-content\/uploads\/2021\/08\/pisco-sour-coctel-a87f8342caab6510eacf545c25582d07.jpg);\"  tabindex=\"1\">\n            <div class=\"overlay\">\n                <div class=\"overlay-inner\">\n                    <div class=\"overlay-inner \">\n                        <h2 class=\"img-accordion-title\">Pisco sour<\/h2>                        <p><\/p>\n                    <\/div>\n                <\/div>\n            <\/div>\n            <\/a>\n                    \n            <a href=\"#\/\" class=\"eael-image-accordion-hover\" style=\"background-image: url(https:\/\/elreymarino.com\/wp-content\/uploads\/2021\/08\/kicking-bloody-mary.jpg);\"  tabindex=\"2\">\n            <div class=\"overlay\">\n                <div class=\"overlay-inner\">\n                    <div class=\"overlay-inner \">\n                        <h2 class=\"img-accordion-title\">Bloody Mary<\/h2>                        <p><\/p>\n                    <\/div>\n                <\/div>\n            <\/div>\n            <\/a>\n                <\/div>\n        <style typr=\"text\/css\">\n                    #eael-img-accordion-0dfaff8 .eael-image-accordion-hover:hover {\n                        flex: 3 1 0% !important;\n                    }\n                    #eael-img-accordion-0dfaff8 .eael-image-accordion-hover:hover:hover .overlay-inner * {\n                        opacity: 1;\n                        visibility: visible;\n                        transform: none;\n                        transition: all .3s .3s;\n                    }\n                <\/style>\t\t<\/div>\n\t\t\t\t<\/div>\n\t\t\t\t\t<\/div>\n\t\t<\/div>\n\t\t\t\t\t\t\t<\/div>\n\t\t<\/section>\n\t\t\t\t\t\t<\/div>\n\t\t\t\t\t<\/div>\n\t\t","protected":false},"excerpt":{"rendered":"<p>Aperitivos Aperitivos Daikiri de Lim\u00f3n Daikiri de Durazno Chilcano de Pisco Pisco Sour Pisco Sour con Biondi C\u00f3ctel de Algarrobina Gin con Gin Pi\u00f1a Colada Vodka Tonic Bloody Mary Whisky Etiqueta Roja Whisky Etiqueta Negra Entradas Ceviches Piqueos Arroces Sopas Filetes de Pescado Chitas y Cabrillas Enteras Pastas Picantes Carnes Parrillas y Filetes Platos Especiales &hellip;<\/p>\n<p class=\"read-more\"> <a class=\"\" href=\"https:\/\/elreymarino.com\/?page_id=814\"> <span class=\"screen-reader-text\">Aperitivos<\/span> Read More &raquo;<\/a><\/p>\n","protected":false},"author":1,"featured_media":0,"parent":0,"menu_order":0,"comment_status":"closed","ping_status":"closed","template":"","meta":[],"amp_enabled":true,"_links":{"self":[{"href":"https:\/\/elreymarino.com\/index.php?rest_route=\/wp\/v2\/pages\/814"}],"collection":[{"href":"https:\/\/elreymarino.com\/index.php?rest_route=\/wp\/v2\/pages"}],"about":[{"href":"https:\/\/elreymarino.com\/index.php?rest_route=\/wp\/v2\/types\/page"}],"author":[{"embeddable":true,"href":"https:\/\/elreymarino.com\/index.php?rest_route=\/wp\/v2\/users\/1"}],"replies":[{"embeddable":true,"href":"https:\/\/elreymarino.com\/index.php?rest_route=%2Fwp%2Fv2%2Fcomments&post=814"}],"version-history":[{"count":31,"href":"https:\/\/elreymarino.com\/index.php?rest_route=\/wp\/v2\/pages\/814\/revisions"}],"predecessor-version":[{"id":2677,"href":"https:\/\/elreymarino.com\/index.php?rest_route=\/wp\/v2\/pages\/814\/revisions\/2677"}],"wp:attachment":[{"href":"https:\/\/elreymarino.com\/index.php?rest_route=%2Fwp%2Fv2%2Fmedia&parent=814"}],"curies":[{"name":"wp","href":"https:\/\/api.w.org\/{rel}","templated":true}]}}